e of 4*j**4 + 2*j**3/3 + j**2/2 - j - 2. Let a be n(2). Suppose -5*w + 438 = -a. Is w composite?
True
Suppose -5654 = 17*u - 19*u. Suppose -2*i + u = -i. Is i prime?
False
Suppose 8800 = -3*x + 2*l - 6*l, 3*l - 5861 = 2*x. Is (x/3)/((-8)/(-12)*-1) a prime number?
False
Let f(z) be the second derivative of -4*z + 4/3*z**3 - 7/2*z**2 - 1/4*z**4 + 1/20*z**5 + 0. Is f(5) composite?
False
Suppose 3*v + 1725 = -0*n - 2*n, -5*v + 2*n - 2875 = 0. Let f be 26/(-65) - (-3416)/(-10). Let y = f - v. Is y a composite number?
False
Suppose -3*u - 1018270 = -13*u. Is u composite?
True
Suppose 16*u + 5*u = 63. Is 1535 - (-2)/u*3 a composite number?
True
Let s be 554/3*(-21)/(-14). Let p be -2 + 1 + -1 + s. Suppose -w = 3*v - 77 + 22, -p = -5*w + 2*v. Is w prime?
False
Is -1 - 59566/(-11) - (-87)/(-957) a prime number?
False
Is 57/12 + (-10)/(-40) + 3384 prime?
True
Let q = 3 + 1. Let s = 21 - 16. Suppose q*t + 2*k = 6*t - 174, 4*t - 344 = s*k. Is t composite?
True
Suppose -2 = -x - 0. Let c be x/3 - (-36)/(-54). Suppose -2*h + 2*v + 1116 = 0, c = h + 4*v - 217 - 366. Is h a composite number?
False
Suppose -5*m = 4*z - 16 - 89, -2*z - 4*m = -54. Let n be 5 + 2/4*-6. Suppose -n*h = -19 - z. Is h a composite number?
True
Let t = 2843 - 928. Is t a composite number?
True
Let g(m) = m**2 + 3*m + 4. Let v be g(6). Suppose -s + 3*b - v + 382 = 0, b - 5 = 0. Is s composite?
True
Let k = -5 + 8. Suppose 946 = 2*o + r, k*r = -2*o + 3*o - 473. Is o composite?
True
Is 2481 - (-56)/16*-2 prime?
False
Let g = -4 - 2. Let r(a) = a**3 + 6*a**2 - a - 4. Let v be r(g). Suppose -2*n = 2*i + 3*i - 101, v*n + 4*i - 102 = 0. Is n composite?
False
Let l(f) = 13*f + 23. Let c(b) = -b**2 + 17*b - 7. Let h be c(16). Let j be l(h). Suppose 0*m = -4*m + j. Is m a prime number?
False
Let n = 4381 - 1193. Suppose 0 = -2*g + 6*g - n. Is g a prime number?
True
Let s(z) = z**3 + 24*z**2 - 26*z + 32. Is s(-21) prime?
True
Suppose 0 = -67*n + 62*n + 29825. Is n a prime number?
False
Suppose -2 = -2*v + 24. Let r be (-718)/(-2)*(v + -11). Suppose 5*n = -3*q + 521, -4*q + 3*n + r = -2*n. Is q a prime number?
False
Let o(k) = 3*k**2 + 9*k + 7. Suppose 0*y + 2*y = -3*i + 1, -4*y + 8 = 0. Let w(s) = 8*s**2 - 2*s - 1. Let g be w(i). Is o(g) prime?
True
Let a(m) = 31*m**2 - 4*m - 4. Let b be 5*(-5 + 0 + 4). Is a(b) composite?
True
Let i(n) = -4*n - 10. Let r be 3/(-6) + 27/(-6). Is i(r) composite?
True
Let j = 10 + -8. Suppose 2*z + 2 = j*p - 0*z, -z = p - 1. Is (64 - (-4 + 0)) + p a prime number?
False
Suppose 39*j = 27*j + 2151132. Is j prime?
True
Suppose 4*t + 5*a + 22 = 0, -6*t + t + 4*a - 48 = 0. Let l = t - -12. Suppose l*c - 16 = 0, 2*j + 3*c = j + 431. Is j prime?
True
Let y(m) = 15*m**3 - 8*m**2 - 13*m - 23. Is y(9) a prime number?
False
Suppose y = -3*y - 5*r + 163, r + 85 = 2*y. Is (-28)/y*1122/(-4) composite?
True
Let r(v) = -411*v - 4. Let l = 11 - 12. Is r(l) a prime number?
False
Suppose 4*j - 186 - 1272 = 3*a, 0 = 3*a + 2*j + 1458. Let r = -235 - a. Is r prime?
True
Let q(o) be the second derivative of -o**5/20 - o**4/12 - o**3/6 - o**2/2 + 5*o. Let g be q(-2). Suppose g*a - 100 = a. Is a a prime number?
False
Suppose 3*h - 42441 = -3*b, 0 = -3*b + 10*h - 15*h + 42449. Is b a composite number?
False
Let k(o) = 2*o**2 + 6*o + 1. Let t be k(-5). Let c = t - 14. Is c a prime number?
True
Let l be ((-4)/(16/590))/(1/114). Is 12/54 - l/27 composite?
True
Let z(r) = 45*r**2 - 1. Let a be z(1). Suppose -k + 30 - 1 = 3*g, -k - g = -35. Suppose a = s - k. Is s a composite number?
True
Suppose -4*m = -3*x + 25, 3*x - m - 4*m = 20. Suppose 0 = -2*b + 7*b + c - 12, x = -5*c. Suppose -1188 = -b*z - 3*i, 2*z = -z + 3*i + 1194. Is z composite?
False
Let d = -5 + 9. Suppose -26 = -d*p - 6. Suppose 10 = -p*h + 80. Is h a prime number?
False
Let b(u) = -4784*u**2 - u + 1. Let c be b(1). Let w = -2347 - c. Is w prime?
True
Let m(o) = 46*o + 87. Let v be m(-8). Suppose 4*n + 4*z + 600 = -0*n, n = 3*z - 166. Let x = n - v. Is x prime?
True
Is -7621*((-3)/2 + 12/24) prime?
True
Suppose -113926 + 17669 = -7*i. Is i a prime number?
True
Suppose -5*o = -4*a - 1482, a + 3*a + 1478 = 3*o. Let f = 1106 + -527. Let q = f + a. Is q a composite number?
False
Suppose 0 = 2*p - p + 2*u - 859, -p + 871 = -2*u. Let l(i) = -8*i**2 - i - 3. Let s be l(7). Let h = p + s. Is h a prime number?
True
Let j(u) = 2*u**2 + u - 1. Let r be j(4). Suppose 3*q + 458 = -q + t, 3*t = 6. Let c = r - q. Is c a composite number?
False
Let c = 1194 - -1733. Is c a prime number?
True
Let c = -33 + 73. Is (0 - 0) + 3 + c a prime number?
True
Suppose -4*m + 4 = 4*v, -v - 3*m + 3 = -4*v. Let h(l) = v + 20*l - 4 + 0 + 1. Is h(2) composite?
False
Suppose -18*s + 22*s - 2*r - 50098 = 0, 4*r - 12 = 0. Is s composite?
True
Suppose -x + 13979 = -14370. Is x a composite number?
False
Is 10554/5 + 54/270 prime?
True
Suppose 5*v + 2 = 3*s, -3*s + 4*s - 14 = -5*v. Suppose v*c + 2*x = 213 + 5, 5*c = 3*x + 553. Suppose c = 2*y - 112. Is y composite?
True
Let n = 26 - 27. Let c be 1 + n + (-6 - -9). Suppose 1679 = 3*p - 5*j + j, -5*p + c*j + 2780 = 0. Is p composite?
True
Suppose 4*t = 3*u + 27992, -5*t = 11*u - 8*u - 35017. Is t a prime number?
True
Let j = -5 + 13. Let k be (12 + 4)/4 + j. Suppose -11*q + k*q = 319. Is q prime?
False
Let d(p) = 480*p + 26. Let j be d(8). Let c = j - 2131. Is c a prime number?
False
Let c(h) = h**3 + 9*h**2 - 10*h - 3. Let r be c(-10). Is (46599/2)/7*(-2)/r composite?
True
Let o = 3660 + -1393. Is o prime?
True
Let y(f) = 6*f - 2. Let d be y(14). Let p be (0 + 1)/(2/126). Suppose 4*s + 98 = 3*w, 5*w = 3*s + p + d. Is w prime?
False
Suppose -5*l - a = -11, 2*l + a + a = -2. Suppose -4*y - 141 = -q, -8*y + l*y - 165 = -5*q. Is (y/(-60))/((-2)/(-970)) a composite number?
True
Let u = 3091 + 106. Is u prime?
False
Let k(t) = -t**3 + 12*t**2 - 3*t - 10. Let p(v) = v**3 + 4*v**2 - 3. Let r(i) = i**2 + 1. Let a(g) = -p(g) + 4*r(g). Let w be a(0). Is k(w) composite?
True
Suppose 27546 - 80835 = -9*r. Is r a composite number?
True
Let g(c) = 147*c - 2. Is g(15) prime?
True
Is 7488 + (-6)/(-8)*(-40)/(-6) composite?
True
Is ((-2)/4)/(((-15)/(-1910))/(-3)) a prime number?
True
Suppose 7*f = 12*f - 25. Suppose 11 = -4*g + 3*b + 208, -f*g + 4*b = -246. Suppose -3*v + 511 + g = 0. Is v a composite number?
True
Suppose -3*c = -5*d + 12, 4*c + 0*c + 2*d = -42. Let y = 14 + c. Suppose a + y*a - 654 = 0. Is a a composite number?
False
Let o(l) = -317*l. Let p be (-1)/((-16)/4 - -5). Is o(p) a prime number?
True
Let b = 7 + -5. Suppose 3*l + b*l - 330 = 0. Suppose -l = -3*o + 99. Is o prime?
False
Suppose 21774 + 9208 = 14*s. Is s composite?
False
Let t be (-2)/(-15) - (-880)/150. Let f be 24/t - 2/2. Suppose 373 = 4*w - 3*b - 360, f*w - 5*b - 536 = 0. Is w prime?
False
Let n(l) = -48*l - 26 + 1 - 28. Is n(-20) a prime number?
True
Let l(r) be the second derivative of -37*r**6/720 + r**5/30 + r**4/12 - 11*r. Let c(m) be the third derivative of l(m). Is c(-3) a composite number?
True
Suppose -11340 = 17*a - 5*a. Let w(d) = -d**2 + 6*d + 5. Let v be w(7). Is 1/(v + a/(-471)) a composite number?
False
Let o = 2390 + -1437. Is o a composite number?
False
Suppose 23*q = 31450 + 12273. Is q composite?
False
Let p(x) = -1 - 2*x - 4*x + 2 + 2. Let k be p(3). Let h(f) = -f**2 - 16*f + 18. Is h(k) a composite number?
True
Let i = -213 + 93. Let j = i + 247. Is j prime?
True
Let g = 95 - -356. Is g prime?
False
Let i be (-22)/(-88) + (-7)/(-4). Suppose 4*g - 3740 = -2*w, -3752 = -2*g - i*g - 5*w. Is g prime?
False
Is (-95476)/3*366/(-488) a composite number?
False
Let l = 7 + -15. Is 3 - (-1138 - l/4) a composite number?
True
Suppose 4*m = 14516 + 19092. Is m a prime number?
False
Let d(g) = 1139*g + 187. Is d(8) prime?
False
Suppose -6*p = -11*p + 81955. Is p a prime number?
False
Let b = -284 + 1089. Suppose -b = 6*x - 11*x. Is x prime?
False
Let p(l) = -2*l**3 - 22*l**2 + 3*l + 23. Is p(-14) a composite number?
True
Suppose -m + 0*u = 2*u + 44, 4*u + 156 = -4*m. Suppose -120 = -5*k + 115. Let b = k + m. Is b a prime number?
True
Suppose w = -2*t - w - 4, -5*w - 14 = 3*t. Let v(j) = 3 + j - 2 + 117*j**2 - 2*j. Is v(t) prime?
True
Let r = 18 - 40. Let j = 17 + r. Is 2 - (-180 + j + 4) composite?
True
Let a = -177723 + 280690. Is a composite?
Fa